 Let c(n) = 4*n - 2. Let l(o) = 6*c(o) - 5*r(o). Suppose -5*q + 5*i = i - 11, 0 = -2*q + 2*i + 4. Give l(q).
0
Let y(x) be the first derivative of -x**4/4 - 8*x**3/3 + x**2 + 11*x + 27. Give y(-8).
-5
Let m(u) = -5 + 4 + 0 + 0. Let q(i) = -i - 2. Let x(f) = -2*m(f) - q(f). Calculate x(-3).
1
Let n(o) = o**3 + 5*o**2 - 2. Let s be -2 + -4 + 1/1. Calculate n(s).
-2
Let y = 171 + -165. Let z(d) = d - 4*d + 4*d. Give z(y).
6
Let o be 38/(-4) - (3 - 7/2). Let p(z) = -z**3 - 8*z**2 + 9*z + 4. Determine p(o).
4
Let f(a) = -a**3 + 6*a**2 - 5*a + 2. Let n(u) = 2*u**3 - 3*u**2 + u - 1. Let j = -13 - -15. Let d be n(j). Give f(d).
2
Suppose -4*s = -2*s - 10. Let l(h) = -s - 3*h + 4*h + 12. What is l(-5)?
2
Let f(j) be the first derivative of -j**3/3 + 3*j**2 - 2. What is f(5)?
5
Let n = 2 + 0. Suppose -o - 4 = 3*x - 0*x, -n*x - 46 = 5*o. Let g be (-10 - -6)*o/(-8). Let p(f) = -f**2 - 6*f - 6. What is p(g)?
-1
Let y(k) = 2*k + 3. Let a = -22 + 33. Suppose 5 = 4*r - a. Give y(r).
11
Let j = 2 + 0. Let h(l) = -2 - 5 - 4*l + 0*l**j + 0*l + l**2. Give h(5).
-2
Suppose -4*a + 20 = -0*n - 4*n, -4*n + 16 = 2*a. Let l(v) = 7*v**2 + 11*v - 6. Let w(k) = k**2 + k - 1. Let i(c) = a*w(c) - l(c). Give i(-5).
0
Let q(t) = -11*t**2 - t - 1. Suppose -3*z + 28 = 4*x, -4*z - 3*x + 16 + 12 = 0. Suppose z*r + 0 = -4. Determine q(r).
-11
Let u(w) = -10*w - 3*w + 9*w + w**2. What is u(5)?
5
Let m(j) = j + 5. Let h be m(-7). Let i(w) be the second derivative of 0*w**3 - 5*w + 0*w**4 + 1/2*w**2 - 1/20*w**5 + 0. What is i(h)?
9
Suppose 0 = -3*j - 3*c + 18, -5*j - 8 - 12 = -5*c. Let z(d) = -4*d**2 + 1. Let t(l) = -1. Let g(s) = -2*t(s) - z(s). Determine g(j).
5
Let s be -5*((-12)/(-15))/(-2). Let z(o) = 2*o**2 - 3*o + 1. What is z(s)?
3
Let t be ((-2)/5)/(1/(-5)). Let x(g) = 2 - 3*g + t*g + 2*g. Suppose 0*j - j = 0. Give x(j).
2
Let o(c) = 2*c**3 - 8*c**2 + c + 3. Let u(i) = 3*i**3 - 12*i**2 + i + 5. Let d(t) = 7*o(t) - 5*u(t). Give d(4).
4
Let w(v) = -v + 12. Let m(z) = z**3 - 7*z**2 + 6*z + 7. Let i be m(6). What is w(i)?
5
Let f(x) = -3 + 2*x**2 + 2 + 2. Let b be (1 - 2) + (-6)/(-2). Let m = b + -1. Calculate f(m).
3
Suppose 0 = -v + 4*h - 23, 11 = 5*v + 5*h + 1. Let r = -1 - v. Let o(t) = 5 + 2 - 3 - r - t. Calculate o(0).
2
Let p(b) = -2*b**2 + 2*b - 2. Suppose 3*d = 5*z + 10, -z + 0*d + 21 = 4*d. Let a be (2 + -2)/(1 + 0). Let s be 2 + (a - 0/z). Calculate p(s).
-6
Let i(f) = -f**3 + 5*f**2 - 4*f + 3. Let w(u) = u**2 + u - 2. Suppose -4*m + 12 = z, -m + 2*z - 6 = -0. Let y be w(m). What is i(y)?
3
Suppose 16*a = 12*a + 16. Let d(p) = 4*p**2 - 10*p + 5. Let u(z) = 2*z**2 - 5*z + 3. Let j(i) = -4*d(i) + 7*u(i). Determine j(a).
-11
Let s(w) = -w**2 + 2*w + 5. Suppose 3*x - 4*x = -4. Suppose l - x*l = 3. Let u = 5 + l. Give s(u).
-3
Let y be 0/(-2) - (6 + -9). Let c = 2 + y. Let q(k) = -k**2 + 3*k + 7. Determine q(c).
-3
Let f(r) = -4 - r - 5 + 4. Calculate f(-4).
-1
Let f(n) = -n. Let i(l) = 7*l - 5. Let w be (1*(-3)/(-3))/1. Let k(b) = w*i(b) + 5*f(b). Determine k(5).
5
Let i(d) = -d**3 + 2*d**2 - d - 1. Let p = 24 - 15. Let x = -7 + p. Calculate i(x).
-3
Let v be (-8)/12*(3 + -6). Let m(h) = -9*h + 2. Determine m(v).
-16
Let r(n) be the second derivative of -n**4/3 + n**2/2 + 12*n. Determine r(-1).
-3
Let t(g) = 0*g**2 + 1 + 0 - 6*g + g**2. Suppose -4*m + m = -15. Determine t(m).
-4
Let m(n) = n**3 + 5*n**2 + 9*n + 1. Let l(d) = -4*d**3 - 19*d**2 - 37*d - 4. Let b(j) = -2*l(j) - 9*m(j). Suppose 3*v = 0, v + 23 = -3*g + 5. Calculate b(g).
5
Let y(g) = -6*g + 10 + 7 - 16. What is y(-3)?
19
Let l(v) = 18*v**2 - 7*v - 3. Let u(t) = 6*t**2 - 2*t - 1. Let m(c) = -2*l(c) + 7*u(c). Determine m(1).
5
Let h(f) = f**3 - 9*f**2 + 15*f - 5. Let d be h(7). Let n(p) = 2*p**2 + 4 - d*p - 6*p**2 + p**3 + 2*p. What is n(4)?
4
Suppose -z - 21 = -4*z. Let x(g) be the first derivative of -g**4/4 + 2*g**3 + 9*g**2/2 - 9*g + 4. Determine x(z).
5
Let m(u) be the first derivative of -u**2/2 + 6*u - 8. Calculate m(4).
2
Let h(x) = -5*x**2. Suppose -j + 6*q + 10 = 3*q, -2*q = 6. What is h(j)?
-5
Let m(o) = o**2 + o - 4. Let g(b) = -b - 1. Let r be g(-2). Let c be r/((3/(-9))/(-1)). Determine m(c).
8
Let m = 6 + -1. Let r = -11 + m. Let h be 26/r + 6/(-9). Let z(w) = -w**3 - 4*w**2 + 5*w + 4. Calculate z(h).
4
Let q(w) = 11*w**2 - 19*w + 35. Let m(x) = 7*x**2 - 13*x + 23. Let p(a) = -8*m(a) + 5*q(a). Give p(7).
5
Let q(s) be the second derivative of -1/4*s**4 - 1/10*s**5 + 0 + s - 3/2*s**2 - 1/2*s**3. Give q(-2).
7
Let n(r) be the third derivative of -r**5/60 - r**4/3 - 3*r**3/2 - 2*r**2. Determine n(-6).
3
Let r(g) = -4*g + 3. Let p(u) = 3*u - 2. Let b(q) = 3*p(q) + 2*r(q). Calculate b(1).
1
Let t = -8 - -5. Let b(w) = 2*w**3 + 11*w**2 - 2*w - 3. Let y(c) = -3*c**3 - 16*c**2 + 3*c + 5. Let z(f) = -7*b(f) - 5*y(f). Calculate z(t).
-1
Let m(y) = -y**3 - 3*y**2 - y - 4. Let c(w) = -3*w - 12. Let q be c(-3). What is m(q)?
-1
Let j(h) = -6*h - 12. Let t(z) = 3*z + 6. Let g(b) = 3*j(b) + 5*t(b). What is g(-6)?
12
Let i be (0 + 1)/(1/(-1)). Let v be 0*((-4)/(-2) + i). Let l(x) = -3*x**2 - x + 5. Let d(o) = -8*o**2 - 3*o + 16. Let p(j) = -4*d(j) + 11*l(j). What is p(v)?
-9
Let p(s) = -s**3 + 4*s**2 + 3*s - 5. Let t = -93 + 97. What is p(t)?
7
Let m(g) = g**3 - g. Let h(w) = w**3 + 6*w**2 + 5*w + 6. Let o be h(-5). Let k(z) = -o*z**2 + 0 + 3*z**2 + 1 - z**3. Let i be k(-3). Determine m(i).
0
Let k(a) = a**3 + 5*a**2 + 2*a. Let b(v) = -v**3 + 12*v**2 + v - 3. Let p be b(12). Let y be (p - (-9)/(-3))/(-2). What is k(y)?
12
Let o(y) = -y**3 - 3*y**2 + 4*y. Suppose 0*h - 5*h = 0. Let l = -1 - h. Let z be l/(-1) + (0 - 5). What is o(z)?
0
Let q(g) = g**2 - g - 22. Let t(w) = -4*w + 128. Let l be t(32). Calculate q(l).
-22
Let f(d) be the second derivative of d**5/20 + 5*d**4/12 - d**3/6 - 3*d**2/2 + 46*d. Give f(-4).
17
Let k(l) = -l - 1. Let f(d) = -4*d. Let c(n) = f(n) - 5*k(n). Let u be 4/(-10) + (-2)/(-5). Determine c(u).
5
Let p(x) = x**2 - 6*x + 9. Let q(t) = 1. Let m(s) = -p(s) + 4*q(s). Let n be m(5). Suppose n*b + 2 = -b. Let o(y) = 2*y**3 + 4*y**2 + 2*y. Give o(b).
-4
Suppose -5*h = -2*h - 3. Let l(p) = 0 - h + 0 - p + p**3. Let z = -4 + 2. Give l(z).
-7
Let a(l) = l**3 + l**2. Let z(d) = -5*d**3 - 2*d**2 - 3*d - 1. Let b(u) = 6*a(u) + z(u). Determine b(-5).
-11
Let d(p) = 2*p**2 + p**3 + 26 + p + 3*p - 23. Give d(-3).
-18
Let a(u) = u**2 + 2. Let w(x) = -x**3 + 3*x**2 - 2*x + 3. Let n(h) = -h**3 + 2*h**2 + 3*h + 2. Let o be n(3). Let m be w(o). Suppose 0*q = m*q. Determine a(q).
2
Let r(u) = 3*u - 2 + u - u. Let t be r(3). Let c(m) = -m + 10. Determine c(t).
3
Let c be 6/(-3) + 16/2. Suppose -3*d + 3*l = c, 3*d + 5*l - 6 - 12 = 0. Let g(f) = 2*f - 2 + 0 + 1. What is g(d)?
1
Let n = -19 - -26. Let q be 1*3 + n/(-1). Let l(v) = v**2 + 3*v + 3. Calculate l(q).
7
Let l be ((-6)/(-5) + 0)*5. Suppose 0 = l*q - q. Let s(w) = 0*w - 3*w**3 + w + 2*w**3 + 4 + 0*w**3. What is s(q)?
4
Let r(o) = -o**2 + o - 6. Let b(t) = -t**2 + t - 7. Let v(x) = 5*b(x) - 6*r(x). Give v(3).
7
Let g(c) = -2*c**2 + 2*c**2 - 3*c**2 - c + 2*c**2 - 1. Let x be (1 - (-2 - -2))*1. Let d(f) = f**3 - 2*f**2 + 4*f - 2. Let i(a) = x*g(a) + d(a). Give i(3).
6
Let q be (2 + 1)*(-2)/(-2). Suppose q = -y - 0. Let s(o) = o**3 + 2*o**2 - 6*o - 2. Let u(x) = x + 1. Let v(a) = s(a) + 5*u(a). Calculate v(y).
-3
Suppose -2*w - 22 + 4 = 0. Let x = w + 5. Let y(m) = 2*m + 5. What is y(x)?
-3
Let l(g) = -4*g - g + 8 + g**2 - 5. Let v be -16 + 8 + 11 + 0. Determine l(v).
-3
Let m(n) = -2*n - 5*n - 1 + 2. Let g = 7 - 4. Let h be 4/6*g/(-2). Determine m(h).
8
Suppose 0 = 5*r - 3*y - 27, 5*r + 4 = -5*y - 1. Let s(m) = 3*m**2 - 4*m + 3. What is s(r)?
18
Let b(n) = 6 + 1 - n + 0 + 0. What is b(-5)?
12
Let a(t) = -5*t**2 - 6*t**2 - 2*t + 2*t**2 + t. Calculate a(-1).
-8
Let k = 122 + -117. Let f(a) be the first derivative of a**4/4 - 2*a**3 + 2*a**2 - a + 1. Determine f(k).
-6
Let y(s) be the third derivative of -s**5/60 + s**4/4 + s**3/3 - 32*s**2. What is y(7)?
-5
Let w(t) = -2*t - 1. Suppose 0 = 4*s + 20, -4 = -d + 2*s + 3. Let n(o) = o + 2. Let a be n(d). What is w(a)?
1
Let r be ((-2)/6)/(2/(-30)). Let q(w) = -7*w**3 + w + 13. Let u(p) = -2*p**2 + 5*p**2 + 8*p**3 - 2*p**2 - 2*p - 14. Let g(s) = 7*q(s) + 6*u(s). What is g(r)?
7
Let w(s) = -s**2 + 3*s + 7. 